- -10101?
1101
In base 5, what is 1 + -1011?
-1010
In base 15, what is -a + 1c?
12
In base 2, what is 1001111 - -101?
1010100
In base 15, what is -4 + 12?
d
In base 14, what is 239 + 3?
23c
In base 10, what is 38 - -46?
84
In base 13, what is 9c - -3?
a2
In base 2, what is -11010 + 10000101?
1101011
In base 10, what is -1 - -50?
49
In base 8, what is -52 - 2?
-54
In base 12, what is -169 - 4?
-171
In base 15, what is -82 + -4?
-86
In base 11, what is 1294 + 0?
1294
In base 14, what is -211 - 7?
-218
In base 5, what is -10 + 12031?
12021
In base 14, what is -2 - 89?
-8b
In base 8, what is 134 - -34?
170
In base 14, what is -31 + -6?
-37
In base 10, what is 2 - -14?
16
In base 3, what is 112112 - 1020?
111022
In base 2, what is 111 - 1011?
-100
In base 8, what is -4 - 755?
-761
In base 10, what is 0 + -212?
-212
In base 5, what is -2 + -110?
-112
In base 3, what is 1110 + -12?
1021
In base 15, what is -6 - 1c?
-23
In base 6, what is 11553 - -1?
11554
In base 13, what is 14 - 12?
2
In base 4, what is -312 - -10?
-302
In base 8, what is 4 - 5615?
-5611
In base 7, what is -155 + 12?
-143
In base 11, what is -9 + -7?
-15
In base 6, what is -4 - 15031?
-15035
In base 7, what is 1 + 14466?
14500
In base 6, what is 1 - 145?
-144
In base 3, what is 2 - -102220?
102222
In base 11, what is 6 - 11?
-6
In base 4, what is 30232 - 3?
30223
In base 5, what is -1 + 321?
320
In base 8, what is 5 - -167?
174
In base 16, what is -38 - 20?
-58
In base 11, what is 3 - 5?
-2
In base 16, what is -2 - -85?
83
In base 11, what is 44 + 0?
44
In base 4, what is -3 + 202?
133
In base 5, what is -10030 + 2?
-10023
In base 12, what is -4 + 249?
245
In base 2, what is 110001010 + -110?
110000100
In base 4, what is 12 - 12?
0
In base 6, what is 3 + 10510?
10513
In base 3, what is -201 - 112?
-1020
In base 5, what is -20 + -31?
-101
In base 14, what is -1d - -14?
-9
In base 2, what is -1000001110110 + -1010?
-1000010000000
In base 16, what is 1329 + -4?
1325
In base 11, what is -5 - 43?
-48
In base 5, what is -11 + 3214?
3203
In base 4, what is -20 + -23?
-103
In base 6, what is 1433 - -3?
1440
In base 15, what is 62 - -9?
6b
In base 2, what is -110000101110 + 11?
-110000101011
In base 8, what is 1756 - 3?
1753
In base 4, what is -1 + -2111?
-2112
In base 5, what is -1 + -241?
-242
In base 3, what is 222101 - -11?
222112
In base 13, what is 973 - 2?
971
In base 7, what is 412 - -5?
420
In base 2, what is 110100 + 1001?
111101
In base 10, what is -3 - -965?
962
In base 12, what is -8a + -3?
-91
In base 5, what is 43 - 14?
24
In base 3, what is 20 + -12?
1
In base 13, what is 2a + 1?
2b
In base 6, what is -104 - -2?
-102
In base 11, what is 5 + -1150?
-1146
In base 5, what is -13404 + 3?
-13401
In base 3, what is -11022 - -10010?
-1012
In base 12, what is 32 + 39?
6b
In base 6, what is -131 - 2?
-133
In base 12, what is 55 + -14?
41
In base 2, what is -10010 + 10010?
0
In base 13, what is -62 - a?
-6c
In base 7, what is 10 + 6024?
6034
In base 5, what is -3 - 143?
-201
In base 12, what is -3 - 290?
-293
In base 10, what is 17 + -41?
-24
In base 4, what is 3111 + -10?
3101
In base 13, what is -3 + -116?
-119
In base 13, what is -64 + b?
-56
In base 5, what is 11 + 142?
203
In base 7, what is -441 - -3?
-435
In base 10, what is 657 + 3?
660
In base 7, what is -2256 - 16?
-2305
In base 16, what is 110f + 5?
1114
In base 2, what is 1111000 + -11001?
1011111
In base 3, what is -112021 + 10?
-112011
In base 13, what is -14 + -b?
-22
In base 10, what is 903 + 1?
904
In base 16, what is -2 + -78?
-7a
In base 13, what is -b - 60?
-6b
In base 4, what is -1 - 21?
-22
In base 6, what is 24 - 23?
1
In base 16, what is -2 + 7f6?
7f4
In base 6, what is -154 + 22?
-132
In base 14, what is 453 + 2?
455
In base 5, what is -1021 - -14?
-1002
In base 12, what is -30 + -3?
-33
In base 9, what is -3 - -40?
36
In base 4, what is 0 - -203000?
203000
In base 7, what is -12 - 13?
-25
In base 8, what is 47 + 15?
64
In base 15, what is -a + -4?
-e
In base 9, what is 4 - 5144?
-5140
In base 12, what is 5 - -10?
15
In base 14, what is -10d + 6?
-107
In base 12, what is 24 - -28?
50
In base 13, what is 14 + 0?
14
In base 4, what is 3 + -1333?
-1330
In base 7, what is 1555 - 1?
1554
In base 12, what is -4 - -29b?
297
In base 7, what is 12114 - -5?
12122
In base 15, what is 7ee - 2?
7ec
In base 14, what is 15 + 2?
17
In base 10, what is -80 - -4?
-76
In base 16, what is -da - 66?
-140
In base 9, what is -1 + -7?
-8
In base 9, what is 1 + -138?
-137
In base 9, what is 0 - -1285?
1285
In base 3, what is 0 + 1010011?
1010011
In base 10, what is 547 - -3?
550
In base 7, what is 2 - 132?
-130
In base 5, what is 1 + 401?
402
In base 2, what is 100 - -110111?
111011
In base 11, what is -68 + -1?
-69
In base 8, what is 3 - 761?
-756
In base 12, what is -1 - -30?
2b
In base 2, what is -1001 - 110000010?
-110001011
In base 6, what is -52 - -132?
40
In base 5, what is -3131 - 2?
-3133
In base 16, what is -1 - 13?
-14
In base 6, what is 4053 - -1?
4054
In base 13, what is 5 + 187?
18c
In base 16, what is 4 + -7f?
-7b
In base 9, what is 10022 + -4?
10017
In base 4, what is -210 + -23?
-233
In base 2, what is 1000000 + 0?
1000000
In base 2, what is 1011 + -11010000?
-11000101
In base 12, what is -13 + -6?
-19
In base 6, what is -33 - -15?
-14
In base 9, what is 22430 - 0?
22430
In base 2, what is 100111100100 - 10?
100111100010
In base 10, what is 301 + -3?
298
In base 2, what is 111101100 - -10001?
111111101
In base 11, what is 5 - -20a?
214
In base 2, what is 100100 - 101111011?
-101010111
In base 5, what is -4 - -221244?
221240
In base 7, what is 56366 + 2?
56401
In base 3, what is 200 - 121?
2
In base 8, what is 33 + 25?
60
In base 16, what is -6 - 134?
-13a
In base 3, what is 12 - 120021?
-120002
In base 2, what is 1100 - 1001000?
-111100
In base 13, what is 6 + -68?
-62
In base 5, what is 3 + 11321?
11324
In base 2, what is 111111111 - 11?
111111100
In base 6, what is -3 + -103?
-110
In base 11, what is -7 - -74?
68
In base 12, what is 1 - 1082?
-1081
In base 14, what is 3 + -41?
-3c
In base 10, what is -4 + -3?
-7
In base 12, what is -2 + -162?
-164
In base 10, what is 3 + -25?
-22
In base 4, what is -20021 - -11?
-20010
In base 15, what is 9 - 0?
9
In base 5, what is -30134 + -2?
-30141
In base 16, what is 0 + -55?
-55
In base 13, what is -103 + -76?
-179
In base 7, what is -6603 - 0?
-6603
In base 2, what is 10 + 11011010?
11011100
In base 6, what is 1 + 250?
251
In base 5, what is -10 - -21333?
21323
In base 2, what is -101 + -111111001?
-111111110
In base 4, what is -1201311 + -2?
-1201313
In base 6, what is 5 - -1040?
1045
In base 6, what is -3 + 514?
511
In base 10, what is -47 - -16?
-31
In base 3, what is 20122 + 0?
20122
In base 5, what is 23 - 1113?
-1040
In base 11, what is -978 - 4?
-981
In base 10, what is 2 - -8?
10
In base 14, what is a + -6c?
-62
In base 10, what is 102 + -2?
100
In base 2, what is -10 + -1011101101111?
-1011101110001
In base 12, what is 78 + 18?
94
In base 10, what is -6149 + 4?
-6145
In base 2, what is -100 + -100001?
-100101
In base 6, what is -323 + -20?
-343
In base 15, what is -154 + -12?
-166
In base 9, what is -1302 + 0?
-1302
In base 10, what is -11 - -29?
18
In base 8, what is 304 + 4?
310
In base 14, what is -1c - -15b?
13d
In base 9, what is 4 + 44?
48
In base 16, what is -ab + -1d?
-c8
In base 10, what is -3 + 4026?
4023
In base 16, what is 6d + 2?
6f
In base 11, what is -4290 + 4?
-4287
In base 3, what is 11 + 2212?
10000
In base 10, what is 2556 - 2?
2554
In base 2, what is 10 - 1101110110?
-1101110100
In base 12, what is -81 - 6?
-87
In base 2, what is 110011011 + -111?
110010100
In base 8, what is 533 + -5?
526
In base 7, what is -1 - -56?
55
In base 4, what is 320101 + -3?
320032
In base 12, what is 4 - -119?
121
In base 3, what is 0 - -10222?
10222
In base 11, what is -156 - -2?
-154
In base 15, what is 5 - 8?
-3
In base 6, what is -1054 + -50?
-1144
In base 6, what is -1 + 5332?
5331
In base 9, what is -4722 + 0?
-4722
In base 6, what is 33210 - 2?
33204
In base 3, what is 101 - -110?
211
In base 4, what is -30 + 2112?
2022
In base 9, what is 272 - -1?
273
In base 7, what is 4 + -1423?
-1416
In base 15, what is -1 + -68e?
-690
In base 7, what is -4 - 63?
-100
In